
6
Convert -11521 (base 10) to base 4.
-2310001
What is -1001000 (base 2) in base 13?
-57
What is 3030 (base 5) in base 2?
110000110
-2217 (base 9) to base 8
-3144
What is 25535 (base 9) in base 15?
516e
Convert 4231 (base 5) to base 13.
347
Convert ac71 (base 13) to base 5.
1232330
What is 1203204 (base 6) in base 9?
105284
3310 (base 4) to base 8
364
Convert 211403 (base 5) to base 12.
413b
-152221 (base 6) to base 15
-459d
-41 (base 9) to base 13
-2b
Convert -155145 (base 6) to base 9.
-23112
What is 3bb (base 12) in base 15?
285
-110011110011 (base 2) to base 10
-3315
What is -1954a (base 12) in base 6?
-443334
-12354 (base 7) to base 11
-2506
What is 1588 (base 9) in base 16?
4be
Convert 23927 (base 12) to base 4.
23231233
Convert -1201 (base 6) to base 5.
-2124
-1000022212 (base 3) to base 11
-13a71
Convert -7020 (base 9) to base 6.
-35413
Convert -5222 (base 6) to base 4.
-102032
Convert 1265 (base 10) to base 5.
20030
Convert -121212 (base 3) to base 12.
-31b
-2220344 (base 5) to base 9
-58255
Convert -112332 (base 6) to base 4.
-2112200
Convert -a49 (base 15) to base 11.
-1819
-1331022 (base 4) to base 8
-17512
Convert -10100000 (base 2) to base 6.
-424
141 (base 13) to base 6
1010
-9688 (base 13) to base 4
-11012203
What is -2543 (base 6) in base 16?
-27f
184 (base 13) to base 15
137
Convert -865 (base 15) to base 9.
-2535
What is 0 (base 4) in base 2?
0
What is -10000000 (base 2) in base 3?
-11202
-3310 (base 6) to base 9
-1036
What is -738 (base 10) in base 16?
-2e2
Convert 17126 (base 8) to base 12.
45b2
What is -33660 (base 12) in base 13?
-25140
Convert -200222 (base 3) to base 14.
-288
-130121 (base 4) to base 16
-719
What is -25230 (base 6) in base 10?
-3762
What is 2051 (base 16) in base 9?
12312
-101323 (base 6) to base 10
-8115
Convert 1101432 (base 5) to base 16.
4a30
What is 504530 (base 6) in base 3?
2000210100
What is -16566 (base 10) in base 11?
-114a0
Convert -acf (base 16) to base 12.
-1727
What is 102452 (base 9) in base 6?
1145502
Convert -1ca (base 15) to base 7.
-1132
What is -1073 (base 8) in base 11?
-47a
What is -15a15 (base 12) in base 16?
-7871
Convert -1573 (base 9) to base 7.
-3333
25c (base 13) to base 10
415
What is -1f84 (base 16) in base 12?
-4804
509 (base 13) to base 16
356
What is 82e3 (base 16) in base 7?
166455
19a (base 12) to base 6
1114
What is -10482 (base 9) in base 16?
-1b2f
11200111 (base 3) to base 12
1b87
What is 1121201 (base 3) in base 12?
824
-14454 (base 6) to base 7
-6550
What is -786 (base 9) in base 16?
-285
Convert -1101131 (base 5) to base 10.
-18916
What is -147 (base 15) in base 11?
-246
Convert -51 (base 6) to base 16.
-1f
Convert 32138 (base 10) to base 9.
48068
Convert -172 (base 8) to base 12.
-a2
What is -7b2 (base 13) in base 4?
-110300
Convert 18410 (base 10) to base 15.
56c5
Convert 33333 (base 4) to base 14.
531
Convert 9647 (base 12) to base 11.
11414
Convert 101100010 (base 2) to base 3.
111010
Convert -10b8 (base 16) to base 10.
-4280
241441 (base 5) to base 15
29eb
What is 14013 (base 8) in base 14?
2359
284a (base 13) to base 4
1122300
What is 201222 (base 3) in base 13?
326
-3650 (base 8) to base 10
-1960
Convert 1a431 (base 14) to base 3.
10101110202
Convert -1325 (base 7) to base 5.
-4014
22542 (base 12) to base 15
d818
-12466 (base 7) to base 4
-310003
What is -32217 (base 8) in base 14?
-4c91
What is 324 (base 9) in base 11?
221
-893a (base 15) to base 13
-1030c
What is -203222 (base 4) in base 14?
-b90
Convert -2545 (base 15) to base 5.
-223230
What is 12043 (base 6) in base 7?
5055
What is -1120001 (base 3) in base 6?
-5131
1011111010100100 (base 2) to base 5
3030204
-331 (base 7) to base 14
-c1
Convert -440 (base 11) to base 12.
-380
-34142 (base 7) to base 15
-286e
Convert -4876 (base 13) to base 6.
-115221
What is -10212122 (base 4) in base 15?
-58b2
-2028 (base 10) to base 14
-a4c
What is -22112012 (base 3) in base 15?
-1c95
Convert 10011001111 (base 2) to base 4.
103033
-10430 (base 5) to base 14
-3ac
704 (base 13) to base 15
542
What is -2c (base 15) in base 9?
-46
11223 (base 4) to base 15
193
What is 1f2 (base 16) in base 3?
200110
What is 189a (base 14) in base 16?
1160
What is 1121100 (base 4) in base 11?
4323
What is -555c (base 14) in base 13?
-6961
What is -2b (base 13) in base 4?
-211
What is 43451 (base 6) in base 2?
1011101110111
3955 (base 12) to base 8
14621
Convert 114234 (base 6) to base 2.
10011100101110
What is 766 (base 12) in base 2?
10000111110
What is -2216 (base 7) in base 8?
-1435
What is -2042 (base 6) in base 2?
-111001010
What is -67d (base 15) in base 12?
-a24
11210021 (base 3) to base 9
4707
What is 850 (base 10) in base 9?
1144
What is -10011001 (base 2) in base 14?
-ad
What is 1111011010 (base 2) in base 16?
3da
What is 31455 (base 7) in base 2?
1111001100110
Convert b27 (base 14) to base 6.
14051
Convert -11101011 (base 2) to base 3.
-22201
What is 153 (base 10) in base 14?
ad
Convert -1244 (base 8) to base 2.
-1010100100
Convert -919 (base 12) to base 13.
-7a4
What is -1350 (base 6) in base 7?
-1014
What is -1626 (base 15) in base 14?
-1a41
Convert 11415 (base 6) to base 12.
b6b
Convert 214c (base 14) to base 10.
5752
-1862 (base 16) to base 5
-144432
Convert -1010001011110 (base 2) to base 5.
-131324
Convert 7b7 (base 14) to base 11.
1174
Convert 116d (base 15) to base 14.
14c7
What is 100101110110 (base 2) in base 11?
1902
15a5a (base 11) to base 3
1010221222
What is 3602 (base 7) in base 13?
7ac
What is 8b (base 13) in base 11?
a5
Convert 32a6 (base 16) to base 11.
9818
-4210 (base 5) to base 13
-339
What is -5d27 (base 14) in base 2?
-11111110101111
Convert -5a73 (base 13) to base 2.
-11000111100001
Convert -251044 (base 6) to base 9.
-33501
Convert -dd4 (base 14) to base 12.
-16ba
What is -23a (base 15) in base 16?
-1f9
-112 (base 12) to base 6
-422
What is -31003 (base 4) in base 6?
-3511
-1b1 (base 16) to base 4
-12301
1a5 (base 11) to base 14
12c
1000 (base 5) to base 8
175
-2803 (base 10) to base 16
-af3
What is -101021 (base 4) in base 15?
-4d2
Convert -22011010 (base 3) to base 4.
-1130313
What is -233430 (base 5) in base 10?
-8615
243 (base 9) to base 8
311
-312450 (base 6) to base 5
-1301410
Convert 1333111 (base 4) to base 14.
2d81
What is 6022 (base 10) in base 14?
22a2
Convert -297 (base 14) to base 13.
-315
Convert 333011 (base 4) to base 10.
4037
Convert 628 (base 11) to base 16.
2f4
What is ba14 (base 13) in base 3?
1022111022
114251 (base 6) to base 15
2e94
What is 103202112 (base 4) in base 13?
2a567
-4808 (base 13) to base 12
-5a58
Convert -1010 (base 2) to base 6.
-14
62 (base 7) to base 8
54
Convert 1a73 (base 14) to base 13.
2258
3335 (base 6) to base 10
779
What is -144 (base 14) in base 11?
-213
Convert a4ab (base 14) to base 10.
28375
What is 22202123 (base 4) in base 14?
11a31
-1d8c (base 16) to base 4
-1312030
Convert 22020 (base 5) to base 15.
6aa
What is -13050 (base 7) in base 14?
-1397
What is 653 (base 8) in base 4?
12223
713 (base 14) to base 12
979
Convert 2032 (base 6) to base 2.
111000100
-25481 (base 12) to base 5
-3111120
5111 (base 6) to base 4
101203
ae4b (base 16) to base 12
219a3
What is -12224 (base 5) in base 2?
-1110101011
Convert -2667 (base 9) to base 8.
-3725
-325 (base 14) to base 8
-1155
Convert 252 (base 11) to base 13.
1a0
What is 1586 (base 14) in base 8?
7402
Convert -4ca (base 13) to base 3.
-1011012
Convert 404555 (base 6) to base 4.
13312313
2313 (base 7) to base 9
1136
-1103320 (base 5) to base 12
-b14a
What is 348 (base 15) in base 16?
2e7
-854e (base 16) to base 10
-34126
What is 0 (base 6) in base 11?
0
What is 78725 (base 9) in base 11?
36370
What is -11110001111 (base 2) in base 13?
-b5b
Convert -355 (base 6) to base 12.
-bb
Convert 110245 (base 8) to base 15.
ae89
Convert -a9b (base 13) to base 10.
-1818
Convert 151555 (base 6) to base 10.
14687
What is 110011001 (base 2) in base 4?
12121
2234 (base 11) to base 9
4027
740 (base 9) to base 3
211100
Convert 2024 (base 5) to base 13.
174
What is 2304 (base 5) in base 8?
511
Convert 804 (base 9) to base 12.
464
7d40 (base 15) to base 11
18aa1
3071 (base 8) to base 5
22333
21211221 (base 3) to base 5
140342
-4ba8 (base 12) to base 2
-10000110110000
Convert -337 (base 13) to base 15.
-26d
Convert 15024 (ba